(h) = -h**3 - 6*h**2 - h + 6. Calculate the remainder when f is divided by w(-6).
9
Let t = 95 - 49. Let b(a) = -a**3 + a**2 + 4*a + 3. Let m be b(-3). Let p = t - m. What is the remainder when p is divided by 7?
5
Let y = 9 - 1. What is the remainder when 29 is divided by (y - (2 + -3)) + -1?
5
Let y = -2 - -3. Let s(x) = x**2 - 2*x + 4. Calculate the remainder when s(4) is divided by (-27)/(-4) + y/4.
5
Suppose 4*g = 45 - 17. Let x(c) = 1 + c - g - 2*c + c**2. What is the remainder when 26 is divided by x(5)?
12
Let o be -1 + -2 + (-1)/1. What is the remainder when (11/2)/(1/6 - 0) is divided by (0 + 9)/(o/(-4))?
6
Suppose -3*r = -v + 30, -4*r = -4*v + v + 95. Suppose 5*h - f - v - 77 = 0, h + 5*f = -4. Let t = -2 - -14. What is the remainder when h is divided by t?
9
Suppose 6 = q - 0. Suppose 3*d - q = -3. Let c(t) = t - 2. What is the remainder when d is divided by c(3)?
0
Suppose w + 19 = 174. Calculate the remainder when w is divided by 39.
38
Calculate the remainder when 5 is divided by (-20)/(-25)*5/2.
1
Let k(x) = -4*x + 1. Let n(m) = m. Let b(f) = -k(f) - 2*n(f). Suppose 0 = 3*h + 2*h - 40. Calculate the remainder when 44 is divided by b(h).
14
Let b(h) be the second derivative of h**3/6 - h**2/2 + 2*h. Let j be (8/20)/((-1)/(-5)). Calculate the remainder when 1 is divided by b(j).
0
Let g(r) be the first derivative of r**4/4 + 8*r**3/3 - 3*r**2/2 - 12*r + 3. What is the remainder when g(-8) is divided by 7?
5
Let t = 149 + -19. What is the remainder when t is divided by 44?
42
Let z(h) = h - 147. Let m be z(0). Let r = 212 + m. Calculate the remainder when r is divided by 17.
14
Let v(i) = i**2 - 15*i - 9. Calculate the remainder when 97 is divided by v(17).
22
Let s be (-4)/14 + (-148)/(-28). Let v = s - -1. Calculate the remainder when ((-2)/v)/(7/(-651)) is divided by 11.
9
What is the remainder when 3 - -28 - (-5 - -3) is divided by 17?
16
Let p(c) = c - 12. What is the remainder when 59 is divided by p(24)?
11
Let c = 11 - 7. Suppose 2 + 26 = c*m. Suppose 0 = -0*f - 4*f + 12. What is the remainder when m is divided by f?
1
Let v(g) = -g**2 + 8*g - 9. Calculate the remainder when v(6) is divided by 2.
1
Suppose -4*a = -22 + 2. Let f be a/10*(0 - -4). Suppose 0 = 3*q, -4*i + i - f*q = -27. What is the remainder when 16 is divided by i?
7
Let y(u) = u + 25. Suppose -2*n - 1 = -n. Let l = 10 + n. Calculate the remainder when y(0) is divided by l.
7
Suppose 3*o - 11 = 1. Suppose -y + 90 = 5*i + y, o*i - 2*y = 90. Calculate the remainder when i is divided by 11.
9
Suppose -9*x - 259 = -16*x. Calculate the remainder when x is divided by 13.
11
Suppose t + 9 = 3*o - o, 2*o + t = 3. Suppose -o*c = -5*c + 92. What is the remainder when c is divided by 16?
14
Let g(a) = a**3 - 6*a**2 + 7*a - 3. Calculate the remainder when g(6) is divided by 10.
9
Suppose 5*h - 34 = -2*t, -3*h = 3*t - 2*t - 15. What is the remainder when t is divided by 6?
3
Let q = 3 + 9. Let i be 3/(6/(-4))*17. Let y = -12 - i. What is the remainder when y is divided by q?
10
Suppose 3*z - 4*v + 106 = 0, 6*z - 2*z = 4*v - 136. Suppose 85 = 3*a - 56. Let l = a + z. Calculate the remainder when l is divided by 9.
8
Suppose -55*a + 430 = -50*a. What is the remainder when a is divided by 15?
11
Let c be (-2)/(-3) - (-65)/15. Suppose 9 + 11 = c*n, -3*w - n = -46. What is the remainder when 26 is divided by w?
12
Let r = 28 - 25. What is the remainder when r is divided by 2?
1
Let x be 1/2 + 54/4. Let h = x + -3. Suppose 4*q - 21 = -z, -z - 2*q + 21 = -q. Calculate the remainder when z is divided by h.
10
Suppose 424 = 4*z + 116. Suppose -5*f + 83 = -6*m + 3*m, 5*m = -3*f + z. Suppose -g - f = -2*g. What is the remainder when 36 is divided by g?
17
Let q = 40 - -14. Calculate the remainder when q is divided by 22.
10
What is the remainder when 57 is divided by (-6)/5*25/(-1)?
27
Let d(z) be the third derivative of -z**6/120 + z**5/20 + z**4/8 + 2*z**3/3 - 4*z**2. Calculate the remainder when d(3) is divided by 5.
3
Let s(d) = d**3 + 10*d**2 + 7*d - 6. Calculate the remainder when s(-7) is divided by 31.
30
Let s be (2 - 0) + 1 + 0. Let i(o) = 0*o**3 + 4*o**2 + o**3 + 1 + 0*o**s. What is the remainder when 29 is divided by i(-3)?
9
Suppose -l + 9 = 2*l. Let f be 1/(l/12) - 0. Suppose f*i = -i + 40. Calculate the remainder when 22 is divided by i.
6
Suppose 0 = g - 9*g + 40. Let a(i) = -i**2 + 7*i + 2. Calculate the remainder when a(5) is divided by g.
2
Let p(o) = -o**3 + o**2 + o + 21. Calculate the remainder when p(0) is divided by 6.
3
Let u = -4 + -8. Calculate the remainder when (118 + u)/(2 - 0) is divided by 14.
11
Suppose -8*i = -3*i - 70. Suppose -5 = -u + s, -4*u + 21 = -0*s - 5*s. Calculate the remainder when i is divided by u.
2
Suppose -66 = -2*v + 18. What is the remainder when v is divided by 12?
6
Suppose -r = -0*r. Suppose 0*i - 4*i + 48 = r. Suppose 0 = -3*j - j + 28. What is the remainder when i is divided by j?
5
Let h be (1/(-3) - 3)*-3. Let z = h + -3. What is the remainder when (0 + -2 + 1)*-20 is divided by z?
6
Let c(z) be the second derivative of z**3/6 - 3*z**2/2 - 3*z. Let m = -4 - -6. What is the remainder when c(6) is divided by m?
1
Suppose -8*h + r + 170 = -3*h, -h - 2*r = -45. Calculate the remainder when h is divided by -6 + -3 + 19 + -1.
8
Suppose 0 = -j - 3*l - 7, -2 = 2*j - 4*l - 18. Suppose -r + j*r - 18 = 0. What is the remainder when 53 is divided by r?
17
Suppose -3*m - g + 76 = 0, 5*g = -5*m + 82 + 28. Let s be 0/(2*(-3 - -4)). Suppose s*f + f - 14 = 0. Calculate the remainder when m is divided by f.
13
Let y = -124 - -230. What is the remainder when y is divided by 22?
18
Suppose -4 = -2*v + 4*z, -3 = -v + 3*z - 0. Suppose v = -2*a - 20 + 70. What is the remainder when 72 is divided by a?
22
What is the remainder when 0/1 + (-408)/(-8) is divided by 13?
12
Let p(t) be the second derivative of 13*t**3/6 + 5*t**2/2 - t. What is the remainder when p(5) is divided by 18?
16
Suppose -6 = -2*t, 0 = 3*o - 6*o + 4*t - 24. Let m be 14/o*(-24)/14. Suppose -2*c = -m - 6. What is the remainder when 17 is divided by c?
5
Suppose 129 = -2*p + 5*p. Let d(q) = -5*q + 26. Calculate the remainder when p is divided by d(3).
10
Let d = 16 - 27. Let f = d + 17. Let b = f + -3. Calculate the remainder when 5 is divided by b.
2
Let r = 6 + -2. Let l = 9 - 1. Calculate the remainder when l - 3/(0 - -3) is divided by r.
3
Let t = -5 + -1. Let g(x) = 3*x**2 - 2*x + 2. What is the remainder when g(2) is divided by (2 - -1)/((-3)/t)?
4
Let x(h) be the first derivative of -2*h + 13/3*h**3 + 0*h**2 - 2. Calculate the remainder when x(2) is divided by 17.
16
Suppose -5*v + y + 80 = -y, 2*v - 4*y = 32. Calculate the remainder when 237 is divided by v.
13
Let q = -23 + 35. Let r be (13 + -4)/((-6)/28). Calculate the remainder when q is divided by (3/9)/((-2)/r).
5
Suppose -64*r + 66*r = 46. What is the remainder when 87 is divided by r?
18
Suppose -113 = 4*n + 3*k + 10, 5*n = 5*k - 110. Let j = -16 - n. What is the remainder when -1 + 20 + (0 - -1) is divided by j?
9
Suppose 0 = 2*x - 25 - 15. Calculate the remainder when x is divided by 7.
6
Let p = -21 + 46. Let c(o) be the second derivative of o**5/20 + o**4/12 + o**2/2 - o. Calculate the remainder when p is divided by c(2).
12
Suppose -4*i + 3*s + 91 = -0*s, -3*i + 2*s = -68. What is the remainder when 60 is divided by i?
16
Let c(v) = -3*v**3 + 6*v**2 + 5*v. Let h be c(-4). Suppose o + 3*o = h. What is the remainder when o is divided by 17?
16
Suppose -15 = -y + 2*l, 37 = 5*y - 3*l - 17. Calculate the remainder when 25 is divided by y.
7
Suppose -2*c = -2*z + 106, -c + 63 = z - 0*z. Suppose 12 = -4*b - 4*w, 0*b + b + 15 = 3*w. Calculate the remainder when z is divided by b/(-15) - (-196)/10.
18
Let x(m) = 19*m**2 + 2*m + 1. Let v be x(-1). Suppose y + 0 = v. Calculate the remainder when y is divided by 7.
4
What is the remainder when 97 is divided by 26/(-52) - 102/(-4)?
22
Let j(b) = -b**2 + 10*b - 1. Let a be j(10). Let t be 1 - 0 - 7*a. What is the remainder when 25 is divided by 3*1*24/t?
7
Let l(i) = i**3 + 5*i**2 - 5*i - 7. Calculate the remainder when 53 is divided by l(-5).
17
Suppose 5*c + 55 = 16*c. What is the remainder when 14 is divided by c?
4
Suppose 6 = 2*z + 3*d, 3*z + 34 = 5*z - 4*d. Let 